{"id":5,"date":"2021-04-14T16:00:22","date_gmt":"2021-04-14T16:00:22","guid":{"rendered":"https:\/\/mividaesbella.com\/?page_id=5"},"modified":"2022-01-20T14:56:11","modified_gmt":"2022-01-20T14:56:11","slug":"create-your-website-with-blocks","status":"publish","type":"page","link":"https:\/\/mividaesbella.com\/","title":{"rendered":"La vida es bella"},"content":{"rendered":"\n<h2 class=\"alignwide has-text-align-wide has-gigantic-font-size wp-block-heading\" style=\"line-height:1.1\">Nunca te detengas<\/h2>\n\n\n\n<div style=\"height:100px\" aria-hidden=\"true\" class=\"wp-block-spacer\"><\/div>\n\n\n\n<div class=\"wp-block-columns alignwide are-vertically-aligned-center is-style-twentytwentyone-columns-overlap is-layout-flex wp-container-core-columns-is-layout-9d6595d7 wp-block-columns-is-layout-flex\">\n<div class=\"wp-block-column is-vertically-aligned-center is-layout-flow wp-block-column-is-layout-flow\">\n<figure class=\"wp-block-gallery alignfull columns-3 is-cropped wp-block-gallery-1 is-layout-flex wp-block-gallery-is-layout-flex\"><ul class=\"blocks-gallery-grid\"><li class=\"blocks-gallery-item\"><figure><img loading=\"lazy\" decoding=\"async\" width=\"1024\" height=\"1024\" src=\"https:\/\/mividaesbella.com\/wp-content\/uploads\/2022\/01\/IMG_20211214_110515_693-1024x1024.jpg\" alt=\"\" data-id=\"68\" data-full-url=\"https:\/\/mividaesbella.com\/wp-content\/uploads\/2022\/01\/IMG_20211214_110515_693-scaled.jpg\" data-link=\"https:\/\/mividaesbella.com\/?attachment_id=68\" class=\"wp-image-68\" srcset=\"https:\/\/mividaesbella.com\/wp-content\/uploads\/2022\/01\/IMG_20211214_110515_693-1024x1024.jpg 1024w, https:\/\/mividaesbella.com\/wp-content\/uploads\/2022\/01\/IMG_20211214_110515_693-300x300.jpg 300w, https:\/\/mividaesbella.com\/wp-content\/uploads\/2022\/01\/IMG_20211214_110515_693-150x150.jpg 150w, https:\/\/mividaesbella.com\/wp-content\/uploads\/2022\/01\/IMG_20211214_110515_693-768x768.jpg 768w, https:\/\/mividaesbella.com\/wp-content\/uploads\/2022\/01\/IMG_20211214_110515_693-1536x1536.jpg 1536w, https:\/\/mividaesbella.com\/wp-content\/uploads\/2022\/01\/IMG_20211214_110515_693-2048x2048.jpg 2048w, https:\/\/mividaesbella.com\/wp-content\/uploads\/2022\/01\/IMG_20211214_110515_693-1568x1568.jpg 1568w\" sizes=\"auto, (max-width: 1024px) 100vw, 1024px\" \/><\/figure><\/li><li class=\"blocks-gallery-item\"><figure><img loading=\"lazy\" decoding=\"async\" width=\"1024\" height=\"1024\" src=\"https:\/\/mividaesbella.com\/wp-content\/uploads\/2021\/04\/IMG_20170710_162345_802-1024x1024.jpg\" alt=\"\" data-id=\"29\" data-link=\"https:\/\/mividaesbella.com\/?attachment_id=29\" class=\"wp-image-29\" srcset=\"https:\/\/mividaesbella.com\/wp-content\/uploads\/2021\/04\/IMG_20170710_162345_802-1024x1024.jpg 1024w, https:\/\/mividaesbella.com\/wp-content\/uploads\/2021\/04\/IMG_20170710_162345_802-300x300.jpg 300w, https:\/\/mividaesbella.com\/wp-content\/uploads\/2021\/04\/IMG_20170710_162345_802-150x150.jpg 150w, https:\/\/mividaesbella.com\/wp-content\/uploads\/2021\/04\/IMG_20170710_162345_802-768x768.jpg 768w, https:\/\/mividaesbella.com\/wp-content\/uploads\/2021\/04\/IMG_20170710_162345_802-1536x1536.jpg 1536w, https:\/\/mividaesbella.com\/wp-content\/uploads\/2021\/04\/IMG_20170710_162345_802-2048x2048.jpg 2048w, https:\/\/mividaesbella.com\/wp-content\/uploads\/2021\/04\/IMG_20170710_162345_802-1568x1568.jpg 1568w\" sizes=\"auto, (max-width: 1024px) 100vw, 1024px\" \/><\/figure><\/li><li class=\"blocks-gallery-item\"><figure><img loading=\"lazy\" decoding=\"async\" width=\"768\" height=\"1024\" src=\"https:\/\/mividaesbella.com\/wp-content\/uploads\/2021\/04\/IMG_20200131_223238-768x1024.jpg\" alt=\"\" data-id=\"34\" data-full-url=\"https:\/\/mividaesbella.com\/wp-content\/uploads\/2021\/04\/IMG_20200131_223238.jpg\" data-link=\"https:\/\/mividaesbella.com\/?attachment_id=34\" class=\"wp-image-34\" srcset=\"https:\/\/mividaesbella.com\/wp-content\/uploads\/2021\/04\/IMG_20200131_223238-768x1024.jpg 768w, https:\/\/mividaesbella.com\/wp-content\/uploads\/2021\/04\/IMG_20200131_223238-225x300.jpg 225w, https:\/\/mividaesbella.com\/wp-content\/uploads\/2021\/04\/IMG_20200131_223238-1152x1536.jpg 1152w, https:\/\/mividaesbella.com\/wp-content\/uploads\/2021\/04\/IMG_20200131_223238-1536x2048.jpg 1536w, https:\/\/mividaesbella.com\/wp-content\/uploads\/2021\/04\/IMG_20200131_223238-1568x2091.jpg 1568w, https:\/\/mividaesbella.com\/wp-content\/uploads\/2021\/04\/IMG_20200131_223238.jpg 1728w\" sizes=\"auto, (max-width: 768px) 100vw, 768px\" \/><\/figure><\/li><li class=\"blocks-gallery-item\"><figure><img loading=\"lazy\" decoding=\"async\" width=\"1024\" height=\"578\" src=\"https:\/\/mividaesbella.com\/wp-content\/uploads\/2021\/04\/IMG_20180429_180746-EFFECTS-1024x578.jpg\" alt=\"\" data-id=\"31\" data-full-url=\"https:\/\/mividaesbella.com\/wp-content\/uploads\/2021\/04\/IMG_20180429_180746-EFFECTS-scaled.jpg\" data-link=\"https:\/\/mividaesbella.com\/?attachment_id=31\" class=\"wp-image-31\" srcset=\"https:\/\/mividaesbella.com\/wp-content\/uploads\/2021\/04\/IMG_20180429_180746-EFFECTS-1024x578.jpg 1024w, https:\/\/mividaesbella.com\/wp-content\/uploads\/2021\/04\/IMG_20180429_180746-EFFECTS-300x169.jpg 300w, https:\/\/mividaesbella.com\/wp-content\/uploads\/2021\/04\/IMG_20180429_180746-EFFECTS-768x434.jpg 768w, https:\/\/mividaesbella.com\/wp-content\/uploads\/2021\/04\/IMG_20180429_180746-EFFECTS-1536x867.jpg 1536w, https:\/\/mividaesbella.com\/wp-content\/uploads\/2021\/04\/IMG_20180429_180746-EFFECTS-2048x1156.jpg 2048w, https:\/\/mividaesbella.com\/wp-content\/uploads\/2021\/04\/IMG_20180429_180746-EFFECTS-1568x885.jpg 1568w\" sizes=\"auto, (max-width: 1024px) 100vw, 1024px\" \/><\/figure><\/li><\/ul><\/figure>\n\n\n\n<div style=\"height:100px\" aria-hidden=\"true\" class=\"wp-block-spacer\"><\/div>\n\n\n\n<figure class=\"wp-block-image alignfull size-large is-style-twentytwentyone-image-frame\"><img loading=\"lazy\" decoding=\"async\" width=\"1024\" height=\"1024\" src=\"https:\/\/mividaesbella.com\/wp-content\/uploads\/2021\/04\/IMG_20170514_003251_869-1024x1024.jpg\" alt=\"\" class=\"wp-image-28\" srcset=\"https:\/\/mividaesbella.com\/wp-content\/uploads\/2021\/04\/IMG_20170514_003251_869-1024x1024.jpg 1024w, https:\/\/mividaesbella.com\/wp-content\/uploads\/2021\/04\/IMG_20170514_003251_869-300x300.jpg 300w, https:\/\/mividaesbella.com\/wp-content\/uploads\/2021\/04\/IMG_20170514_003251_869-150x150.jpg 150w, https:\/\/mividaesbella.com\/wp-content\/uploads\/2021\/04\/IMG_20170514_003251_869-768x768.jpg 768w, https:\/\/mividaesbella.com\/wp-content\/uploads\/2021\/04\/IMG_20170514_003251_869-1536x1536.jpg 1536w, https:\/\/mividaesbella.com\/wp-content\/uploads\/2021\/04\/IMG_20170514_003251_869-2048x2048.jpg 2048w, https:\/\/mividaesbella.com\/wp-content\/uploads\/2021\/04\/IMG_20170514_003251_869-1568x1568.jpg 1568w\" sizes=\"auto, (max-width: 1024px) 100vw, 1024px\" \/><\/figure>\n<\/div>\n\n\n\n<div class=\"wp-block-column is-vertically-aligned-center is-layout-flow wp-block-column-is-layout-flow\">\n<div style=\"height:100px\" aria-hidden=\"true\" class=\"wp-block-spacer\"><\/div>\n\n\n\n<figure class=\"wp-block-image size-large alignfull size-full is-style-twentytwentyone-border\"><img loading=\"lazy\" decoding=\"async\" width=\"768\" height=\"1024\" src=\"https:\/\/mividaesbella.com\/wp-content\/uploads\/2021\/04\/IMG_20201003_123412-768x1024.jpg\" alt=\"\" class=\"wp-image-26\" srcset=\"https:\/\/mividaesbella.com\/wp-content\/uploads\/2021\/04\/IMG_20201003_123412-768x1024.jpg 768w, https:\/\/mividaesbella.com\/wp-content\/uploads\/2021\/04\/IMG_20201003_123412-225x300.jpg 225w, https:\/\/mividaesbella.com\/wp-content\/uploads\/2021\/04\/IMG_20201003_123412-1152x1536.jpg 1152w, https:\/\/mividaesbella.com\/wp-content\/uploads\/2021\/04\/IMG_20201003_123412-1536x2048.jpg 1536w, https:\/\/mividaesbella.com\/wp-content\/uploads\/2021\/04\/IMG_20201003_123412-1568x2091.jpg 1568w, https:\/\/mividaesbella.com\/wp-content\/uploads\/2021\/04\/IMG_20201003_123412.jpg 1728w\" sizes=\"auto, (max-width: 768px) 100vw, 768px\" \/><\/figure>\n<\/div>\n<\/div>\n\n\n\n<div style=\"height:50px\" aria-hidden=\"true\" class=\"wp-block-spacer\"><\/div>\n\n\n\n<div class=\"wp-block-columns alignwide are-vertically-aligned-top is-layout-flex wp-container-core-columns-is-layout-9d6595d7 wp-block-columns-is-layout-flex\">\n<div class=\"wp-block-column is-vertically-aligned-top is-layout-flow wp-block-column-is-layout-flow\">\n<h3 class=\"wp-block-heading\"><\/h3>\n\n\n\n<p><strong>Cuando cambias el modo en que ves las cosas, las cosas que ves cambian tambi\u00e9n.<\/strong><\/p>\n<\/div>\n\n\n\n<div class=\"wp-block-column is-layout-flow wp-block-column-is-layout-flow\">\n<p><strong>\u00bfTodav\u00eda no has comprendido que para hacerme feliz hace falta muy poco? Un buen helado de chocolate, quiz\u00e1 dos, un paseo juntos y que pase lo que tenga que pasar.<\/strong><\/p>\n<\/div>\n\n\n\n<div class=\"wp-block-column is-vertically-aligned-top is-layout-flow wp-block-column-is-layout-flow\">\n<h3 class=\"wp-block-heading\"><\/h3>\n\n\n\n<p><strong>Buenos d\u00edas princesa. He so\u00f1ado toda la noche contigo. \u00cdbamos al cine y t\u00fa llevabas aquel vestido rosa que me gusta tanto. Solo pienso en ti princesa\u2026 pienso siempre en ti<\/strong>.<\/p>\n<\/div>\n\n\n\n<div class=\"wp-block-column is-vertically-aligned-top is-layout-flow wp-block-column-is-layout-flow\">\n<h5 class=\"wp-block-heading\">Esta es una historia sencilla, <strong>pero no es f\u00e1cil contarla. Como en una f\u00e1bula, hay dolor. Y, como una f\u00e1bula, est\u00e1 llena de maravillas y de felicidad.<\/strong><\/h5>\n\n\n\n<p><\/p>\n<\/div>\n<\/div>\n\n\n\n<div style=\"height:100px\" aria-hidden=\"true\" class=\"wp-block-spacer\"><\/div>\n\n\n\n<figure class=\"wp-block-image size-large\"><img loading=\"lazy\" decoding=\"async\" width=\"1024\" height=\"768\" src=\"https:\/\/mividaesbella.com\/wp-content\/uploads\/2022\/01\/IMG_20211210_170002-1024x768.jpg\" alt=\"\" class=\"wp-image-76\" srcset=\"https:\/\/mividaesbella.com\/wp-content\/uploads\/2022\/01\/IMG_20211210_170002-1024x768.jpg 1024w, https:\/\/mividaesbella.com\/wp-content\/uploads\/2022\/01\/IMG_20211210_170002-300x225.jpg 300w, https:\/\/mividaesbella.com\/wp-content\/uploads\/2022\/01\/IMG_20211210_170002-768x576.jpg 768w, https:\/\/mividaesbella.com\/wp-content\/uploads\/2022\/01\/IMG_20211210_170002-1536x1152.jpg 1536w, https:\/\/mividaesbella.com\/wp-content\/uploads\/2022\/01\/IMG_20211210_170002-2048x1536.jpg 2048w, https:\/\/mividaesbella.com\/wp-content\/uploads\/2022\/01\/IMG_20211210_170002-1568x1176.jpg 1568w\" sizes=\"auto, (max-width: 1024px) 100vw, 1024px\" \/><\/figure>\n\n\n\n<figure class=\"wp-block-image size-full\"><img loading=\"lazy\" decoding=\"async\" width=\"720\" height=\"478\" src=\"https:\/\/mividaesbella.com\/wp-content\/uploads\/2022\/01\/61624_1526144868454_5266213_n.jpg\" alt=\"\" class=\"wp-image-72\" srcset=\"https:\/\/mividaesbella.com\/wp-content\/uploads\/2022\/01\/61624_1526144868454_5266213_n.jpg 720w, https:\/\/mividaesbella.com\/wp-content\/uploads\/2022\/01\/61624_1526144868454_5266213_n-300x199.jpg 300w\" sizes=\"auto, (max-width: 720px) 100vw, 720px\" \/><\/figure>\n","protected":false},"excerpt":{"rendered":"<p>Nunca te detengas Cuando cambias el modo en que ves las cosas, las cosas que ves cambian tambi\u00e9n. \u00bfTodav\u00eda no has comprendido que para hacerme feliz hace falta muy poco? Un buen helado de chocolate, quiz\u00e1 dos, un paseo juntos y que pase lo que tenga que pasar. Buenos d\u00edas princesa. He so\u00f1ado toda la&hellip; <a class=\"more-link\" href=\"https:\/\/mividaesbella.com\/\">Seguir leyendo <span class=\"screen-reader-text\">La vida es bella<\/span><\/a><\/p>\n","protected":false},"author":1,"featured_media":0,"parent":0,"menu_order":0,"comment_status":"closed","ping_status":"closed","template":"","meta":{"footnotes":""},"class_list":["post-5","page","type-page","status-publish","hentry","entry"],"_links":{"self":[{"href":"https:\/\/mividaesbella.com\/index.php?rest_route=\/wp\/v2\/pages\/5","targetHints":{"allow":["GET"]}}],"collection":[{"href":"https:\/\/mividaesbella.com\/index.php?rest_route=\/wp\/v2\/pages"}],"about":[{"href":"https:\/\/mividaesbella.com\/index.php?rest_route=\/wp\/v2\/types\/page"}],"author":[{"embeddable":true,"href":"https:\/\/mividaesbella.com\/index.php?rest_route=\/wp\/v2\/users\/1"}],"replies":[{"embeddable":true,"href":"https:\/\/mividaesbella.com\/index.php?rest_route=%2Fwp%2Fv2%2Fcomments&post=5"}],"version-history":[{"count":12,"href":"https:\/\/mividaesbella.com\/index.php?rest_route=\/wp\/v2\/pages\/5\/revisions"}],"predecessor-version":[{"id":80,"href":"https:\/\/mividaesbella.com\/index.php?rest_route=\/wp\/v2\/pages\/5\/revisions\/80"}],"wp:attachment":[{"href":"https:\/\/mividaesbella.com\/index.php?rest_route=%2Fwp%2Fv2%2Fmedia&parent=5"}],"curies":[{"name":"wp","href":"https:\/\/api.w.org\/{rel}","templated":true}]}}